{"id":619,"date":"2026-01-21T19:30:27","date_gmt":"2026-01-21T19:30:27","guid":{"rendered":"https:\/\/mundosenpapel.com\/?page_id=619"},"modified":"2026-01-21T21:14:15","modified_gmt":"2026-01-21T21:14:15","slug":"nuestro-patrocinador","status":"publish","type":"page","link":"https:\/\/mundosenpapel.com\/index.php\/nuestro-patrocinador\/","title":{"rendered":"Nuestro patrocinador"},"content":{"rendered":"\n<p><\/p>\n\n\n<div class=\"wp-block-image\">\n<figure class=\"aligncenter size-medium is-resized\"><a href=\"https:\/\/www.almaceneslalonja.es\/\" target=\"_blank\" rel=\" noreferrer noopener\"><img loading=\"lazy\" decoding=\"async\" width=\"300\" height=\"212\" src=\"https:\/\/mundosenpapel.com\/wp-content\/uploads\/2026\/01\/LOGO-LONJA-300x212.png\" alt=\"\" class=\"wp-image-617\" style=\"width:393px;height:auto\" srcset=\"https:\/\/mundosenpapel.com\/wp-content\/uploads\/2026\/01\/LOGO-LONJA-300x212.png 300w, https:\/\/mundosenpapel.com\/wp-content\/uploads\/2026\/01\/LOGO-LONJA-1024x724.png 1024w, https:\/\/mundosenpapel.com\/wp-content\/uploads\/2026\/01\/LOGO-LONJA-768x543.png 768w, https:\/\/mundosenpapel.com\/wp-content\/uploads\/2026\/01\/LOGO-LONJA-1536x1086.png 1536w, https:\/\/mundosenpapel.com\/wp-content\/uploads\/2026\/01\/LOGO-LONJA.png 2000w\" sizes=\"auto, (max-width: 300px) 100vw, 300px\" \/><\/a><\/figure>\n<\/div>\n\n\n<p class=\"has-text-align-center\">Almacenes La Lonja es una reconocida tienda en V\u00e9lez-M\u00e1laga especializada en art\u00edculos de papeler\u00eda, material de oficina y libros, con m\u00e1s de 35 a\u00f1os de historia. Ofrecen una amplia gama de productos y servicios tanto en su tienda f\u00edsica como a trav\u00e9s de su p\u00e1gina web.<\/p>\n\n\n\n<p class=\"has-text-align-center\"><em><br><a href=\"https:\/\/maps.app.goo.gl\/AAQSnGFxgY82GoHb8\" target=\"_blank\" rel=\"noreferrer noopener\"> Calle Fray Rafael de V\u00e9lez, 2C &#8211; VELEZ MALAGA (29700) -MALAGA<\/a><\/em><\/p>\n\n\n\n<p class=\"has-text-align-center\"><a href=\"https:\/\/goo.gl\/maps\/hVwKkmQkwdJ62wUD9\" target=\"_blank\" rel=\"noreferrer noopener\"><em>Avda. Villa de Madrid, 75, 29700 V\u00e9lez-M\u00e1laga<\/em><\/a><\/p>\n\n\n\n<p class=\"has-text-align-center\">Tel\u00e9fonos: <em>+34&nbsp;952500633&nbsp;\/ +34&nbsp;952504158<\/em><\/p>\n\n\n\n<p class=\"has-text-align-center\">Whatsapp <em>+34&nbsp;<a href=\"https:\/\/wa.me\/34606187468\" target=\"_blank\" rel=\"noreferrer noopener\">606187468<\/a><\/em><a href=\"https:\/\/wa.me\/34606187468\" target=\"_blank\" rel=\"noreferrer noopener\"><\/a><\/p>\n\n\n\n<p class=\"has-text-align-center\"><a href=\"https:\/\/wa.me\/34606187468\" target=\"_blank\" rel=\"noreferrer noopener\"><\/a><em><a href=\"mailto:clientes@almaceneslalonja.com\" target=\"_blank\" rel=\"noreferrer noopener\">clientes@almaceneslalonja.com<\/a><\/em><\/p>\n\n\n\n<p class=\"has-text-align-center\"><\/p>\n\n\n<div class=\"wp-block-image\">\n<figure class=\"aligncenter size-full is-resized\"><a href=\"https:\/\/www.facebook.com\/profile.php?id=100063554594021&amp;locale=es_ES\" target=\"_blank\" rel=\" noreferrer noopener\"><img loading=\"lazy\" decoding=\"async\" width=\"210\" height=\"210\" src=\"https:\/\/mundosenpapel.com\/wp-content\/uploads\/2026\/01\/FACEBOOK.webp\" alt=\"\" class=\"wp-image-623\" style=\"width:70px;height:auto\" srcset=\"https:\/\/mundosenpapel.com\/wp-content\/uploads\/2026\/01\/FACEBOOK.webp 210w, https:\/\/mundosenpapel.com\/wp-content\/uploads\/2026\/01\/FACEBOOK-150x150.webp 150w\" sizes=\"auto, (max-width: 210px) 100vw, 210px\" \/><\/a><\/figure>\n<\/div>\n\n<div class=\"wp-block-image\">\n<figure class=\"aligncenter size-large is-resized\"><a href=\"https:\/\/www.instagram.com\/almaceneslalonja\/\" target=\"_blank\" rel=\" noreferrer noopener\"><img loading=\"lazy\" decoding=\"async\" width=\"1024\" height=\"576\" src=\"https:\/\/mundosenpapel.com\/wp-content\/uploads\/2026\/01\/Instagram-Logo-1024x576.png\" alt=\"\" class=\"wp-image-622\" style=\"width:76px;height:auto\" srcset=\"https:\/\/mundosenpapel.com\/wp-content\/uploads\/2026\/01\/Instagram-Logo-1024x576.png 1024w, https:\/\/mundosenpapel.com\/wp-content\/uploads\/2026\/01\/Instagram-Logo-300x169.png 300w, https:\/\/mundosenpapel.com\/wp-content\/uploads\/2026\/01\/Instagram-Logo-768x432.png 768w, https:\/\/mundosenpapel.com\/wp-content\/uploads\/2026\/01\/Instagram-Logo-1536x864.png 1536w, https:\/\/mundosenpapel.com\/wp-content\/uploads\/2026\/01\/Instagram-Logo-2048x1152.png 2048w\" sizes=\"auto, (max-width: 1024px) 100vw, 1024px\" \/><\/a><\/figure>\n<\/div>\n\n\n<p><\/p>\n","protected":false},"excerpt":{"rendered":"<p>Almacenes La Lonja es una reconocida tienda en V\u00e9lez-M\u00e1laga especializada en art\u00edculos de papeler\u00eda, material de oficina y libros, con m\u00e1s de 35 a\u00f1os de historia. Ofrecen una amplia gama de productos y servicios tanto en su tienda f\u00edsica como a trav\u00e9s de su p\u00e1gina web. Calle Fray Rafael de V\u00e9lez, 2C &#8211; VELEZ MALAGA &#8230; <a title=\"Nuestro patrocinador\" class=\"read-more\" href=\"https:\/\/mundosenpapel.com\/index.php\/nuestro-patrocinador\/\" aria-label=\"Leer m\u00e1s sobre Nuestro patrocinador\">Leer m\u00e1s<\/a><\/p>\n","protected":false},"author":1,"featured_media":0,"parent":0,"menu_order":0,"comment_status":"closed","ping_status":"closed","template":"","meta":{"footnotes":""},"class_list":["post-619","page","type-page","status-publish"],"_links":{"self":[{"href":"https:\/\/mundosenpapel.com\/index.php\/wp-json\/wp\/v2\/pages\/619","targetHints":{"allow":["GET"]}}],"collection":[{"href":"https:\/\/mundosenpapel.com\/index.php\/wp-json\/wp\/v2\/pages"}],"about":[{"href":"https:\/\/mundosenpapel.com\/index.php\/wp-json\/wp\/v2\/types\/page"}],"author":[{"embeddable":true,"href":"https:\/\/mundosenpapel.com\/index.php\/wp-json\/wp\/v2\/users\/1"}],"replies":[{"embeddable":true,"href":"https:\/\/mundosenpapel.com\/index.php\/wp-json\/wp\/v2\/comments?post=619"}],"version-history":[{"count":7,"href":"https:\/\/mundosenpapel.com\/index.php\/wp-json\/wp\/v2\/pages\/619\/revisions"}],"predecessor-version":[{"id":632,"href":"https:\/\/mundosenpapel.com\/index.php\/wp-json\/wp\/v2\/pages\/619\/revisions\/632"}],"wp:attachment":[{"href":"https:\/\/mundosenpapel.com\/index.php\/wp-json\/wp\/v2\/media?parent=619"}],"curies":[{"name":"wp","href":"https:\/\/api.w.org\/{rel}","templated":true}]}}