{"id":30,"date":"2025-05-29T15:12:43","date_gmt":"2025-05-29T15:12:43","guid":{"rendered":"https:\/\/mundosenpapel.com\/?page_id=30"},"modified":"2026-01-30T20:44:32","modified_gmt":"2026-01-30T20:44:32","slug":"aviso-legal","status":"publish","type":"page","link":"https:\/\/mundosenpapel.com\/index.php\/aviso-legal\/","title":{"rendered":"Aviso legal"},"content":{"rendered":"\n<p>En cumplimiento con el deber de informaci\u00f3n recogido en el art\u00edculo 10 de la Ley 34\/2002, de 11 de julio, de Servicios de la Sociedad de la Informaci\u00f3n y del Comercio Electr\u00f3nico (LSSICE), a continuaci\u00f3n se reflejan los siguientes datos:<\/p>\n\n\n\n<p><strong>1. DATOS IDENTIFICATIVOS<\/strong> El titular de esta p\u00e1gina web es <strong>Carlos Del Barrio Fern\u00e1ndez<\/strong> (en adelante, <strong>Mundos en Papel<\/strong>), con D.N.I. 13727664E y domicilio a estos efectos en Calle Canalejas, 36, 2\u00aa Planta, 29700 V\u00e9lez-M\u00e1laga (M\u00e1laga). Correo electr\u00f3nico de contacto: <strong><a href=\"mailto:contacto@mundosenpapel.com\">contacto@mundosenpapel.com<\/a><\/strong>.<\/p>\n\n\n\n<p><strong>2. USUARIOS<\/strong> El acceso y\/o uso de este portal de Mundos en Papel atribuye la condici\u00f3n de USUARIO, que acepta, desde dicho acceso y\/o uso, las Condiciones Generales de Uso aqu\u00ed reflejadas.<\/p>\n\n\n\n<p><strong>3. USO DEL PORTAL<\/strong> <code>www.mundosenpapel.com<\/code> proporciona el acceso a multitud de informaciones, servicios o datos (en adelante, \u00ablos contenidos\u00bb) en Internet pertenecientes a Mundos en Papel. El USUARIO asume la responsabilidad del uso del portal.<\/p>\n\n\n\n<p><strong>4. PROPIEDAD INTELECTUAL E INDUSTRIAL<\/strong> Mundos en Papel por s\u00ed o como cesionaria, es titular de todos los derechos de propiedad intelectual e industrial de su p\u00e1gina web, as\u00ed como de los elementos contenidos en la misma (a t\u00edtulo enunciativo, im\u00e1genes, sonido, audio, v\u00eddeo, software o textos; marcas o logotipos, combinaciones de colores, estructura y dise\u00f1o, etc.). Todos los derechos reservados.<\/p>\n","protected":false},"excerpt":{"rendered":"<p>En cumplimiento con el deber de informaci\u00f3n recogido en el art\u00edculo 10 de la Ley 34\/2002, de 11 de julio, de Servicios de la Sociedad de la Informaci\u00f3n y del Comercio Electr\u00f3nico (LSSICE), a continuaci\u00f3n se reflejan los siguientes datos: 1. DATOS IDENTIFICATIVOS El titular de esta p\u00e1gina web es Carlos Del Barrio Fern\u00e1ndez (en &#8230; <a title=\"Aviso legal\" class=\"read-more\" href=\"https:\/\/mundosenpapel.com\/index.php\/aviso-legal\/\" aria-label=\"Leer m\u00e1s sobre Aviso legal\">Leer m\u00e1s<\/a><\/p>\n","protected":false},"author":1,"featured_media":0,"parent":0,"menu_order":0,"comment_status":"closed","ping_status":"closed","template":"","meta":{"footnotes":""},"class_list":["post-30","page","type-page","status-publish"],"_links":{"self":[{"href":"https:\/\/mundosenpapel.com\/index.php\/wp-json\/wp\/v2\/pages\/30","targetHints":{"allow":["GET"]}}],"collection":[{"href":"https:\/\/mundosenpapel.com\/index.php\/wp-json\/wp\/v2\/pages"}],"about":[{"href":"https:\/\/mundosenpapel.com\/index.php\/wp-json\/wp\/v2\/types\/page"}],"author":[{"embeddable":true,"href":"https:\/\/mundosenpapel.com\/index.php\/wp-json\/wp\/v2\/users\/1"}],"replies":[{"embeddable":true,"href":"https:\/\/mundosenpapel.com\/index.php\/wp-json\/wp\/v2\/comments?post=30"}],"version-history":[{"count":7,"href":"https:\/\/mundosenpapel.com\/index.php\/wp-json\/wp\/v2\/pages\/30\/revisions"}],"predecessor-version":[{"id":768,"href":"https:\/\/mundosenpapel.com\/index.php\/wp-json\/wp\/v2\/pages\/30\/revisions\/768"}],"wp:attachment":[{"href":"https:\/\/mundosenpapel.com\/index.php\/wp-json\/wp\/v2\/media?parent=30"}],"curies":[{"name":"wp","href":"https:\/\/api.w.org\/{rel}","templated":true}]}}